 v be 2*(-2 - -29)*1. Suppose -4 = 5*n - v. Suppose -c = c - 10. What is the greatest common divisor of n and c?
5
Suppose -2*a + 40 = -0*a. Suppose -2*w = -5*w - 15. Let m = w - -10. What is the highest common divisor of m and a?
5
Let m be (-2 - (-2 - 0))/(-3). Let b be (m - -1) + (-6)/(-3). Suppose -b*x = -5*x + 98. Calculate the greatest common divisor of x and 7.
7
Let q(v) = 54*v - 2. Let r be q(1). Calculate the highest common divisor of 39 and r.
13
Suppose -2*a - 4*p = -46, 15 + 7 = 2*a - 4*p. Let l be -24*(-3)/(-6)*a. Let t = -20 - l. Calculate the highest common factor of t and 23.
23
Let x be -2*(3/3 + -2). Let h be (x/(-3))/((-1)/66). Let y = -11 + h. What is the highest common factor of 22 and y?
11
Let j = 16 - 10. Let d be j*((-9)/(-2) - 1). Suppose -5*v - 5*f = -160, -3*f + d = 2*v - 43. Calculate the greatest common factor of 80 and v.
16
Suppose 35 + 25 = 5*w. Calculate the greatest common factor of w and 84.
12
Suppose 4*d - 7*d = -75. What is the highest common factor of d and 25?
25
Let t be 46/6 + 5/15. What is the highest common divisor of t and 88?
8
Suppose 0 = -2*o + 5*o - 75. Suppose 0 = 5*i - k - o, -11 = -i - 4*k + 15. What is the highest common factor of 6 and i?
6
Let u(j) = 3*j**2 + 2*j + 5. Let a(n) = -n**3 + 9*n**2 - 6*n - 3. Let d be a(8). Let q = d - 8. Let m be u(q). Calculate the greatest common factor of m and 10.
10
Let t(f) = f**3 + 11*f**2 + 8*f - 2. Let s be t(-5). Calculate the greatest common factor of 24 and s.
12
Suppose -10*d = -6*d + 12. Let z = d - -31. Calculate the greatest common divisor of z and 56.
28
Let b(m) = -14*m**3 - 4*m**2 - 6*m - 6. Let u be b(-2). Calculate the highest common factor of 34 and u.
34
Let l(v) = -v**2 - 6*v + 5. Let n be l(-6). Calculate the greatest common factor of n and 45.
5
Let h(p) = 4*p. Let m be h(-2). Let r = 0 - m. What is the greatest common factor of 56 and r?
8
Suppose 3*c = -4*l + 663, 0*l - l + 2*c = -174. Suppose -t = -0*t - l. Let p = 20 + 1. What is the greatest common divisor of t and p?
21
Let f be 3/9*13*12. What is the highest common divisor of f and 13?
13
Let a(r) = -3*r + 93. Let m be a(29). Calculate the highest common factor of m and 1.
1
Let x(k) = k**3 - k**2 + 1. Let f be x(2). Suppose -3*z - 13 = -58. What is the highest common factor of f and z?
5
Suppose 2*n = y + 236, -4 + 2 = y. What is the highest common divisor of 13 and n?
13
Let r(a) = 3*a**2 - 3*a - 3. Let p be r(2). Calculate the highest common divisor of 33 and p.
3
Suppose -1 = u - 0. Let z be (u + 1)/(-1 - -2). Suppose -5*s - 5*o + 480 = -z*o, 4*s = -o + 369. What is the greatest common divisor of s and 13?
13
Let t(z) = z**2 - 2*z + 1. Let p be t(5). Suppose -3*m = 3*n - 60, -5*n = p - 36. What is the greatest common factor of 80 and m?
16
Let d(k) = -2 + 5*k**2 + 3 - 3 - 5*k. Let u be d(-4). Let c = 149 - u. Calculate the highest common factor of c and 34.
17
Suppose -12*p + 679 + 5 = 0. What is the highest common divisor of 3 and p?
3
Suppose 0 = 74*b - 72*b - 360. What is the highest common divisor of b and 20?
20
Suppose 40 = -2*g + 7*g. Let b be 32/(-144) - 436/(-18). Calculate the highest common divisor of b and g.
8
Suppose -z + 2*z = -13. Let d = 16 + z. Calculate the highest common divisor of 15 and d.
3
Suppose 5*f - 24 - 1 = 0. Suppose 5*o = -m + 13, f*m = 3*m + 3*o. Calculate the greatest common divisor of 27 and m.
3
Let m be 8/18 + 1284/27. Calculate the greatest common divisor of m and 12.
12
Suppose -5*f - 3*p = -0 + 14, p + 7 = -4*f. Let w be (54/(-63))/(f/7). Let b be w/(-4)*(0 - 4). What is the greatest common divisor of b and 66?
6
Let f(x) = x**3 - 9*x**2 + 16*x + 6. Let d be f(7). What is the highest common factor of 140 and d?
20
Let r(l) = 3*l**3 - 7*l**2 - 2*l + 8. Let y be r(5). Calculate the greatest common divisor of 22 and y.
22
Suppose c + 0*c = 249. Suppose 99 = 4*f - c. Calculate the highest common divisor of 29 and f.
29
Suppose -6*v = -4*v - 26. What is the highest common factor of 65 and v?
13
Let x = -9 - -48. Suppose f - 12 = -x. Let p = 39 + f. Calculate the greatest common factor of p and 12.
12
Suppose -2*g = 2*g - 288. Let f = 27 + -19. What is the greatest common divisor of g and f?
8
Let a(n) = -n**2 + 5 + 2*n**2 - 1 + 4 + 2*n. Let b be a(-8). What is the greatest common factor of 14 and b?
14
Suppose 5*u - q - 128 = 0, -u + 126 = 4*u - 2*q. Calculate the greatest common factor of u and 39.
13
Let y(j) = -j**3 - j**2 + j - 1. Let l be y(1). Let i be 78/(3*l/(-3)). What is the greatest common divisor of i and 13?
13
Let k = 11 - 4. Suppose 0 = -2*z + 4*t + 90, -z - t = -2*t - 49. Suppose -24 = -o + z. Calculate the greatest common divisor of o and k.
7
Let g(s) = 8*s + 2. Let t be g(1). What is the greatest common factor of t and 80?
10
Let f = 8 + -10. Let j be 81/(-18)*f/(-1). Let l(c) = c**2 + 8*c + 5. Let h be l(j). What is the greatest common divisor of 70 and h?
14
Let q be (2 + (-3)/2)*96. Let n be (1 + 1)*(-4 + 3). Let y be (3 - 1)/(n/(-12)). Calculate the highest common divisor of y and q.
12
Suppose 3*i = -0*i + 15. Suppose 2*f - 31 = i*g + 87, 4*g = -8. Calculate the highest common factor of f and 6.
6
Let r be (4/(-10) + 3/(-5))*-30. Calculate the greatest common divisor of 12 and r.
6
Suppose 0*q - 3*d - 20 = -q, -10 = -q + d. Let u(b) = 8*b + 5. Let l be u(q). What is the highest common factor of l and 5?
5
Let t(g) be the second derivative of -g**3/3 + 8*g**2 - 7*g. Let d be t(0). What is the highest common divisor of 40 and d?
8
Suppose 120 = f + 2*y, 3*y + y + 20 = 0. What is the highest common factor of 52 and f?
26
Let h = 70 + -68. What is the greatest common divisor of h and 2?
2
Let c be (-2)/(-11) + (-1832)/(-88). What is the greatest common divisor of 7 and c?
7
Suppose -5*s = 15, -z + 2*s = -0*z - 9. Suppose 4*a - 20 = 0, -11 + 40 = z*n + 4*a. Suppose 10 = n*h - 17. What is the highest common divisor of h and 36?
9
Let h(z) = -4 - z + 12 + 3*z. Let i be h(6). What is the greatest common divisor of 5 and i?
5
Let j = -4 - -6. Suppose -k - 3*l + 49 = 0, -4*l - 63 = -j*k - 3*l. What is the greatest common factor of 17 and k?
17
Let d(c) = -c**2 + 9*c + 10. Let r be d(9). Calculate the greatest common factor of 20 and r.
10
Let h = 292 - 184. What is the highest common factor of h and 12?
12
Let g be ((-40)/(-6))/(5/15). Calculate the greatest common divisor of g and 10.
10
Suppose -n - 4*x - 4 = 0, 0 = 5*n - 3*x + 4*x + 20. Let j be 4 + (-1 - n) + -5. Suppose 26 = 4*f - 14. Calculate the highest common factor of f and j.
2
Suppose -2*p - p + 108 = 0. Suppose 2*c - u = -2*c + 39, -4*c = -2*u - 42. What is the highest common divisor of c and p?
9
Suppose -5*v + 4*v + 12 = 0. Calculate the highest common factor of 8 and v.
4
Suppose 0 = -2*v - 1 + 3. Let s be (-85 - v)/(-1) + -2. What is the highest common divisor of 14 and s?
14
Suppose -4 = -k + 2*m, -3*k + 5*m - m + 14 = 0. Let r(z) = z - 5*z**3 + z**2 + 2*z**2 - z**2. Let u be r(-1). What is the highest common factor of u and k?
6
Suppose -252 = -4*z + 4*x, 5*z + 0*x + x - 285 = 0. Let m(w) = 4*w + 1. Let l be m(1). Let r = z + l. Calculate the greatest common factor of r and 7.
7
Suppose -4*f - m = -17, 5*f - 11 = 4*f + 2*m. What is the highest common divisor of 25 and f?
5
Let v(y) = y**3 + 14*y**2 + 12*y + 48. Let u be v(-12). Calculate the highest common factor of 12 and u.
12
Let h = 132 - 84. Calculate the highest common divisor of 6 and h.
6
Suppose -3*m = 2*m + 30. Let g(d) = d - 2*d - 4 + 0*d. Let n be g(m). Calculate the greatest common divisor of 6 and n.
2
Let i(a) = -1 - a**2 + 1 + 1 + a + 4 - a**3. Let u be i(0). Calculate the highest common factor of u and 20.
5
Let n be 15/(-4) - (-4)/(-16). Let z(f) = -75*f + 6. Let c be z(n). What is the greatest common divisor of c and 34?
34
Suppose 3*m + 315 = 8*m. Calculate the highest common factor of 126 and m.
63
Let c(m) = -9*m**2 + 1. Let i be c(-1). Let h = i - -14. Calculate the highest common factor of 2 and h.
2
Let y = 9 + 9. Calculate the greatest common divisor of 162 and y.
18
Let m(n) = 3*n**2 + 7*n - 21. Let h be m(-7). What is the greatest common factor of h and 11?
11
Let i be ((-4)/(-10))/((-2)/(-5)). Let t = 2 + i. Suppose -g + 58 = 5*a, t*a - g = a + 26. Calculate the greatest c